 2. Let h be u(4). Calculate the highest common divisor of h and g.
10
Suppose 196 = 4*i + 4*g - g, 0 = 5*i - 3*g - 245. Suppose 0*q = -3*q - 78. Let w = i + q. What is the highest common factor of w and 161?
23
Suppose 3*y + 5 - 32 = 0. What is the highest common factor of 9 and y?
9
Suppose -3*o + 0 = 5*k + 2, -3*k + 22 = -4*o. Suppose -5*y + y - 2*g = -8, 0 = 5*y + 5*g. What is the highest common factor of k and y?
2
Suppose 3*j - 92 = -26. Suppose 3*n = 6*n - 5*u + 4, -8 = -4*u. Suppose -5*y = n*q - 49, q + 13 = -2*y + 32. Calculate the greatest common divisor of j and y.
11
Suppose 2*q = 5*q - 15. What is the highest common factor of q and 15?
5
Let n be (2 - 1)/(1/(-5)). Let k be 40*n/(-6)*6. Let u be (-36)/(-10)*k/5. What is the greatest common divisor of 16 and u?
16
Let j(y) be the third derivative of y**6/120 - y**5/6 + 5*y**4/12 + 2*y**3/3 + 2*y**2. Let l be j(9). Calculate the highest common divisor of 65 and l.
13
Let t(x) = 2*x**2 + 13*x - 29. Let l be t(6). Calculate the greatest common factor of 11 and l.
11
Let f(w) = 2*w**2 - 3*w + 4. Let k be f(4). Calculate the greatest common divisor of k and 3.
3
Let c = -13 + 5. Let y be c + 7 - 28*-1. What is the highest common factor of y and 27?
27
Suppose -2*t - 2*o = -34, -5*t + 76 = o - 5*o. What is the highest common factor of t and 48?
16
Let c(y) = -7*y - 2. Let u be c(-3). What is the highest common factor of 38 and u?
19
Suppose -3*u + 128 = -25. Calculate the greatest common factor of u and 34.
17
Let k = -15 + 15. Let z be 14*(k + (-2)/(-4)). Suppose -3*c + 133 = -56. Calculate the greatest common factor of z and c.
7
Suppose m - 8 = 2*y - 3, m = -3*y - 15. Let a be -1 + (7 - (1 + -1)). Let c = a - y. Calculate the greatest common divisor of 15 and c.
5
Let q(r) = 3*r**2 + r + 7. Let x be q(0). Calculate the highest common factor of x and 7.
7
Let j = -163 + 243. Calculate the greatest common divisor of 32 and j.
16
Let x be (4 + -3)/((-1)/(-17)). Let c = -15 + x. Calculate the highest common divisor of 22 and c.
2
Suppose -22*n + 63*n - 656 = 0. Let r = 10 + -5. Suppose v - r = 0, -4*v - v - 407 = -3*t. Calculate the highest common divisor of t and n.
16
Suppose 6*f + 2*v = f + 334, f - 3*v = 60. Let z be (0 - 3 - -12) + 3. Let w = 18 - z. Calculate the highest common factor of w and f.
6
Suppose 5*m - 123 - 37 = 0. Let d = m - 20. Let f be d + -3 + 2 + 0. What is the greatest common factor of 33 and f?
11
Let x = -1 - -3. Let c be -2*1 - -9 - x. Let m(a) = a**3 - 5*a**2 + 3*a + 2. Let p be m(c). Calculate the highest common factor of p and 85.
17
Let t be (2/(-6)*22)/(1/(-6)). Calculate the highest common divisor of t and 11.
11
Let t be ((-43)/(-2))/(2/12). Let o = t + -74. What is the highest common divisor of o and 11?
11
Let a(z) = -z**2 - 10*z + 36. Let l be a(-10). Suppose -3*d + d + 18 = 0. Calculate the highest common factor of l and d.
9
Suppose 0 = 4*h - 9*h + 525. Let y = -73 + h. Calculate the highest common factor of y and 80.
16
Let x(b) = 20*b**3 + 1. Let q be x(2). What is the highest common divisor of q and 23?
23
Let b = -37 + 36. Suppose 0*t + 5*t - 25 = 0. Let s be 70/t + 0/b. Calculate the highest common divisor of 112 and s.
14
Let n be -1 - (4 - (-85)/(-5)). Calculate the greatest common factor of 42 and n.
6
Let n = -36 + 38. Calculate the highest common factor of 5 and n.
1
Let f be (3 + 9)*(2 + (-15)/(-4)). What is the greatest common divisor of 23 and f?
23
Let u(m) = -m**3 + 16*m**2 + 17*m + 6. Let j be u(17). Calculate the highest common factor of j and 48.
6
Let x(p) = 8*p - 3. Let r be x(4). Suppose -5*f = -r - 1. Let w = -3 + f. Calculate the greatest common factor of 2 and w.
1
Suppose -r - 189 = -w - 4*r, 2*r + 4 = 0. What is the greatest common divisor of 15 and w?
15
Let h(d) = -6*d**2 - d - 4. Let x(q) = -5*q**2 - 4. Let g(m) = 6*h(m) - 7*x(m). Let w be g(-4). What is the highest common divisor of w and 3?
3
Suppose -3*r = -2*r + 46. Let d = r - -78. Let j be 24/3 + 1 + -1. Calculate the greatest common factor of j and d.
8
Suppose -10*m + 4*m = 0. Suppose m = -2*y + 67 + 29. Calculate the greatest common factor of 6 and y.
6
Suppose 5*l - 2*l = -m - 175, 0 = 2*l - 4*m + 140. Let p be ((-4)/(-5))/((-3)/l). What is the greatest common divisor of 80 and p?
16
Let l = 3 + 5. Let k(h) = -13*h + 10. Let d be k(-6). What is the highest common divisor of l and d?
8
Let p = -32 + 68. Suppose 72 = l + 5*l. What is the highest common factor of p and l?
12
Suppose -x - 50 = -3*f + 43, 4*x - 155 = -5*f. Suppose 2*k + 5*c = -f + 91, 5*k - 123 = c. What is the highest common factor of 275 and k?
25
Let g = -207 + 305. Let k = g + -44. Suppose 3*o - 5*o + k = 0. What is the highest common divisor of 3 and o?
3
Suppose -67 - 10 = 4*i - 5*m, 5*i - 4*m = -94. Let g = i + 45. Suppose 10*z - 27 = z. What is the highest common factor of z and g?
3
Let a = 35 - 11. Suppose -4*b = -12 - a. Calculate the greatest common factor of 3 and b.
3
Let a = 32 - 14. Let o = 25 - -20. Calculate the greatest common divisor of a and o.
9
Suppose 0*w - 231 = -3*d - 4*w, -15 = 5*w. Let s(c) = -8*c + 3. Let l be s(3). Let m = d + l. What is the greatest common factor of m and 40?
20
Let m = 21 + 0. Suppose 2*s + s - 189 = 0. Calculate the greatest common factor of s and m.
21
Suppose -2*q - 260 = -2*x - 2*x, 3*x + 5*q - 208 = 0. Calculate the greatest common factor of 6 and x.
6
Let p be 88/(15/(-20) - 14/(-8)). Suppose 3*z = -4*j + 17, 2*z + 19 = 3*z - 2*j. What is the greatest common divisor of p and z?
11
Let d be 18/99 - (-548)/11. Calculate the highest common divisor of d and 75.
25
Let u = -21 + 11. Let x be (-110)/u*(-2)/(-2). Let t be (-1 + 3 - 1) + 98. What is the greatest common factor of t and x?
11
Let m(p) = 27*p**2 + 1. Let z be m(1). What is the highest common divisor of 28 and z?
28
Let v = 68 + -107. Let q be 4/(-3)*v - -3. What is the highest common divisor of q and 5?
5
Suppose 2*u = -4*g + 212, 0 = 5*g - 5*u - 430 + 135. Calculate the highest common factor of g and 55.
55
Let g(v) = 18*v**2 - 2*v + 1. Let s be g(1). Let k = 40 + -12. Suppose 57 + k = b. What is the highest common divisor of s and b?
17
Suppose 2*p = -0*p - 4. Let a = 8 - p. Let i(g) = -g**2 + 30. Let b be i(0). Calculate the greatest common factor of a and b.
10
Let w(c) = -10*c - 9. Let n be w(-3). Calculate the highest common factor of 105 and n.
21
Suppose -4*k + 140 = -180. What is the greatest common divisor of k and 10?
10
Let i(b) = -171*b - 4. Let f be i(-4). Let h be (-4)/6 - f/(-3). Suppose 0 = 3*g - h - 5. Calculate the greatest common factor of 7 and g.
7
Let g be -22*-1*2/4. Let j = 0 - 0. Let n be (-33)/(6/(-2)) - j. What is the greatest common factor of g and n?
11
Let q(i) = -i**2 - 14*i + 39. Let z be q(-16). Calculate the greatest common divisor of 77 and z.
7
Suppose 3*u + 8 = 59. Suppose 0 = 5*b + 5*p - 695, 553 = 2*b + 2*b + 3*p. What is the highest common divisor of u and b?
17
Let l = -65 - -74. Let f = -1 - -2. Suppose -2*k + 3 = f. What is the greatest common divisor of l and k?
1
Suppose v - 9 = -u, -v + 0*u - 4*u + 9 = 0. What is the greatest common factor of v and 99?
9
Let d(a) = -75*a + 10. Let h be d(-5). What is the greatest common divisor of 35 and h?
35
Let v(n) = -8*n**2 - 3*n - 3. Let l be v(-2). Let j = l + 53. Calculate the highest common divisor of j and 192.
24
Let c(b) = -b**3 - b**2 + 2*b + 2. Let z be c(-2). Let x be ((-3)/z)/(3/(-12)). Let p be (5/(-2))/(7/(-42)). What is the greatest common divisor of x and p?
3
Let r be ((-13)/(-2))/(1/10). Suppose 0 = 3*a - 5*i - 2, 0*i = a - 2*i. Suppose -4*t = 2*l - 22 - 30, a*l = 0. What is the highest common divisor of t and r?
13
Let p be 4*(105/(-12))/5. Let h(s) = -2*s + 10. Let r be h(p). Suppose 5*l = -5*x + 90, -4*x + 3*l + 32 = -26. What is the highest common divisor of r and x?
8
Let f(i) = 2*i + 19. Let w be f(7). What is the highest common divisor of 3 and w?
3
Suppose 7*s - 3*s = 24. Suppose k - s = -k. Calculate the greatest common factor of 3 and k.
3
Let l be (-2390)/(-18) + (-6)/(-27). Let m(z) = 2*z + 7. Let n be m(6). Calculate the greatest common factor of l and n.
19
Suppose -3*n = 4*g - 2, -7*n + 2*n = 2*g + 6. Let f be g/3*(-18)/(-4). Suppose 0*h - 8 = -2*h, -11 = -f*x + h. What 